{"id":4173,"date":"2022-02-17T13:40:42","date_gmt":"2022-02-17T13:40:42","guid":{"rendered":"https:\/\/www.pisan.es\/proyecto\/projecte-de-condicionament-i-millora-de-la-carretera-c-14\/"},"modified":"2023-04-14T15:05:37","modified_gmt":"2023-04-14T15:05:37","slug":"projecte-de-condicionament-i-millora-de-la-carretera-c-14","status":"publish","type":"proyecto","link":"https:\/\/www.pisan.es\/ca\/projectes\/projecte-de-condicionament-i-millora-de-la-carretera-c-14\/","title":{"rendered":"Projecte de condicionament i millora de la Carretera C-14"},"content":{"rendered":"<p>El projecte compr\u00e8n l&#8217;execuci\u00f3 de les obres de millora general al tra\u00e7at de la carretera C-14 des del PK 48+100 al PK 53+000, corresponent al tram Solivella-Belltall.<\/p>\n","protected":false},"author":3,"featured_media":4182,"template":"","cliente":[],"servicio":[],"sector":[],"class_list":["post-4173","proyecto","type-proyecto","status-publish","has-post-thumbnail","hentry","entry","has-media"],"_links":{"self":[{"href":"https:\/\/www.pisan.es\/ca\/wp-json\/wp\/v2\/proyecto\/4173","targetHints":{"allow":["GET"]}}],"collection":[{"href":"https:\/\/www.pisan.es\/ca\/wp-json\/wp\/v2\/proyecto"}],"about":[{"href":"https:\/\/www.pisan.es\/ca\/wp-json\/wp\/v2\/types\/proyecto"}],"author":[{"embeddable":true,"href":"https:\/\/www.pisan.es\/ca\/wp-json\/wp\/v2\/users\/3"}],"wp:featuredmedia":[{"embeddable":true,"href":"https:\/\/www.pisan.es\/ca\/wp-json\/wp\/v2\/media\/4182"}],"wp:attachment":[{"href":"https:\/\/www.pisan.es\/ca\/wp-json\/wp\/v2\/media?parent=4173"}],"wp:term":[{"taxonomy":"cliente","embeddable":true,"href":"https:\/\/www.pisan.es\/ca\/wp-json\/wp\/v2\/cliente?post=4173"},{"taxonomy":"servicio","embeddable":true,"href":"https:\/\/www.pisan.es\/ca\/wp-json\/wp\/v2\/servicio?post=4173"},{"taxonomy":"sector","embeddable":true,"href":"https:\/\/www.pisan.es\/ca\/wp-json\/wp\/v2\/sector?post=4173"}],"curies":[{"name":"wp","href":"https:\/\/api.w.org\/{rel}","templated":true}]}}

<p>El projecte comprèn l&#8217;execució de les obres de millora general al traçat de la carretera C-14 des del PK 48+100 al PK 53+000, corresponent al tram Solivella-Belltall.</p>
